{"id":520,"date":"2024-11-24T10:44:48","date_gmt":"2024-11-24T10:44:48","guid":{"rendered":"https:\/\/gozdeperdem.com\/?page_id=520"},"modified":"2024-11-24T11:09:50","modified_gmt":"2024-11-24T11:09:50","slug":"chester-koltuk-takimlari","status":"publish","type":"page","link":"https:\/\/gozdeperdem.com\/?page_id=520","title":{"rendered":"KOLTUK TAKIMLARI"},"content":{"rendered":"\n<figure class=\"wp-block-gallery has-nested-images columns-default is-cropped wp-block-gallery-1 is-layout-flex wp-block-gallery-is-layout-flex\">\n<figure class=\"wp-block-image size-large\"><img decoding=\"async\" data-id=\"521\" src=\"https:\/\/gozdeperdem.com\/wp-content\/uploads\/2024\/11\/OZGUR-2024.kck_page-0005-1-1024x478.jpg\" alt=\"\" class=\"wp-image-521\"\/><\/figure>\n\n\n\n<figure class=\"wp-block-image size-large\"><img decoding=\"async\" data-id=\"543\" src=\"https:\/\/gozdeperdem.com\/wp-content\/uploads\/2024\/11\/OZGUR-2024.kck_page-0006-1024x478.jpg\" alt=\"\" class=\"wp-image-543\"\/><\/figure>\n\n\n\n<figure class=\"wp-block-image size-large\"><img decoding=\"async\" data-id=\"544\" src=\"https:\/\/gozdeperdem.com\/wp-content\/uploads\/2024\/11\/OZGUR-2024.kck_page-0011-1024x478.jpg\" alt=\"\" class=\"wp-image-544\"\/><\/figure>\n\n\n\n<figure class=\"wp-block-image size-large\"><img decoding=\"async\" data-id=\"542\" src=\"https:\/\/gozdeperdem.com\/wp-content\/uploads\/2024\/11\/OZGUR-2024.kck_page-0012-1024x478.jpg\" alt=\"\" class=\"wp-image-542\"\/><\/figure>\n\n\n\n<figure class=\"wp-block-image size-large\"><img decoding=\"async\" data-id=\"546\" src=\"https:\/\/gozdeperdem.com\/wp-content\/uploads\/2024\/11\/OZGUR-2024.kck_page-0014-1024x478.jpg\" alt=\"\" class=\"wp-image-546\"\/><\/figure>\n\n\n\n<figure class=\"wp-block-image size-large\"><img decoding=\"async\" data-id=\"541\" src=\"https:\/\/gozdeperdem.com\/wp-content\/uploads\/2024\/11\/OZGUR-2024.kck_page-0015-1024x478.jpg\" alt=\"\" class=\"wp-image-541\"\/><\/figure>\n\n\n\n<figure class=\"wp-block-image size-large\"><img decoding=\"async\" data-id=\"530\" src=\"https:\/\/gozdeperdem.com\/wp-content\/uploads\/2024\/11\/OZGUR-2024.kck_page-0017-1024x478.jpg\" alt=\"\" class=\"wp-image-530\"\/><\/figure>\n\n\n\n<figure class=\"wp-block-image size-large\"><img decoding=\"async\" data-id=\"524\" src=\"https:\/\/gozdeperdem.com\/wp-content\/uploads\/2024\/11\/OZGUR-2024.kck_page-0019-1-1024x478.jpg\" alt=\"\" class=\"wp-image-524\"\/><\/figure>\n\n\n\n<figure class=\"wp-block-image size-large\"><img decoding=\"async\" data-id=\"539\" src=\"https:\/\/gozdeperdem.com\/wp-content\/uploads\/2024\/11\/OZGUR-2024.kck_page-0020-1024x478.jpg\" alt=\"\" class=\"wp-image-539\"\/><\/figure>\n\n\n\n<figure class=\"wp-block-image size-large\"><img decoding=\"async\" data-id=\"532\" src=\"https:\/\/gozdeperdem.com\/wp-content\/uploads\/2024\/11\/OZGUR-2024.kck_page-0022-1024x478.jpg\" alt=\"\" class=\"wp-image-532\"\/><\/figure>\n\n\n\n<figure class=\"wp-block-image size-large\"><img decoding=\"async\" data-id=\"536\" src=\"https:\/\/gozdeperdem.com\/wp-content\/uploads\/2024\/11\/OZGUR-2024.kck_page-0023-1024x478.jpg\" alt=\"\" class=\"wp-image-536\"\/><\/figure>\n\n\n\n<figure class=\"wp-block-image size-large\"><img decoding=\"async\" data-id=\"525\" src=\"https:\/\/gozdeperdem.com\/wp-content\/uploads\/2024\/11\/OZGUR-2024.kck_page-0024-1-1024x478.jpg\" alt=\"\" class=\"wp-image-525\"\/><\/figure>\n\n\n\n<figure class=\"wp-block-image size-large\"><img decoding=\"async\" data-id=\"535\" src=\"https:\/\/gozdeperdem.com\/wp-content\/uploads\/2024\/11\/OZGUR-2024.kck_page-0026-1024x478.jpg\" alt=\"\" class=\"wp-image-535\"\/><\/figure>\n\n\n\n<figure class=\"wp-block-image size-large\"><img decoding=\"async\" data-id=\"529\" src=\"https:\/\/gozdeperdem.com\/wp-content\/uploads\/2024\/11\/OZGUR-2024.kck_page-0028-1024x478.jpg\" alt=\"\" class=\"wp-image-529\"\/><\/figure>\n\n\n\n<figure class=\"wp-block-image size-large\"><img decoding=\"async\" data-id=\"533\" src=\"https:\/\/gozdeperdem.com\/wp-content\/uploads\/2024\/11\/OZGUR-2024.kck_page-0029-1024x478.jpg\" alt=\"\" class=\"wp-image-533\"\/><\/figure>\n\n\n\n<figure class=\"wp-block-image size-large\"><img decoding=\"async\" data-id=\"545\" src=\"https:\/\/gozdeperdem.com\/wp-content\/uploads\/2024\/11\/OZGUR-2024.kck_page-0030-1024x478.jpg\" alt=\"\" class=\"wp-image-545\"\/><\/figure>\n<\/figure>\n","protected":false},"excerpt":{"rendered":"","protected":false},"author":2,"featured_media":0,"parent":0,"menu_order":0,"comment_status":"closed","ping_status":"closed","template":"","meta":{"footnotes":""},"class_list":["post-520","page","type-page","status-publish","hentry"],"yoast_head":"<!-- This site is optimized with the Yoast SEO plugin v23.9 - https:\/\/yoast.com\/wordpress\/plugins\/seo\/ -->\n<title>KOLTUK TAKIMLARI - G\u00f6zde Perde \u00c7eyiz G\u00f6zdeperdem G\u00f6zde Perde<\/title>\n<meta name=\"description\" content=\"\u015eIK VE ZAR\u0130FL\u0130\u011e\u0130YLE G\u00d6Z KAMA\u015eTIRAN MODELLER\u0130M\u0130Z YEN\u0130LENEREK S\u0130Z DE\u011eERLER\u0130 M\u00dc\u015eTER\u0130LER\u0130M\u0130Z\u0130N BE\u011eEN\u0130LER\u0130N\u0130 KAZANMI\u015e OLMANIN SEV\u0130NC\u0130NE ORTAK OLUYORUZ. G\u00d6ZE PERDE HOME KAL\u0130TES\u0130YLE EV\u0130N\u0130Z\u0130N G\u00d6ZDES\u0130 - 1990 YILINDAN BER\u0130 S\u0130ZLERE H\u0130ZMET VERMEKTEN GURULUYUZ...\" \/>\n<meta name=\"robots\" content=\"index, follow, max-snippet:-1, max-image-preview:large, max-video-preview:-1\" \/>\n<link rel=\"canonical\" href=\"https:\/\/gozdeperdem.com\/?page_id=520\" \/>\n<meta property=\"og:locale\" content=\"tr_TR\" \/>\n<meta property=\"og:type\" content=\"article\" \/>\n<meta property=\"og:title\" content=\"KOLTUK TAKIMLARI - G\u00f6zde Perde \u00c7eyiz G\u00f6zdeperdem G\u00f6zde Perde\" \/>\n<meta property=\"og:description\" content=\"\u015eIK VE ZAR\u0130FL\u0130\u011e\u0130YLE G\u00d6Z KAMA\u015eTIRAN MODELLER\u0130M\u0130Z YEN\u0130LENEREK S\u0130Z DE\u011eERLER\u0130 M\u00dc\u015eTER\u0130LER\u0130M\u0130Z\u0130N BE\u011eEN\u0130LER\u0130N\u0130 KAZANMI\u015e OLMANIN SEV\u0130NC\u0130NE ORTAK OLUYORUZ. G\u00d6ZE PERDE HOME KAL\u0130TES\u0130YLE EV\u0130N\u0130Z\u0130N G\u00d6ZDES\u0130 - 1990 YILINDAN BER\u0130 S\u0130ZLERE H\u0130ZMET VERMEKTEN GURULUYUZ...\" \/>\n<meta property=\"og:url\" content=\"https:\/\/gozdeperdem.com\/?page_id=520\" \/>\n<meta property=\"og:site_name\" content=\"G\u00f6zde Perde \u00c7eyiz G\u00f6zdeperdem G\u00f6zde Perde\" \/>\n<meta property=\"article:modified_time\" content=\"2024-11-24T11:09:50+00:00\" \/>\n<meta name=\"twitter:card\" content=\"summary_large_image\" \/>\n<meta name=\"twitter:label1\" content=\"Tahmini okuma s\u00fcresi\" \/>\n\t<meta name=\"twitter:data1\" content=\"4 dakika\" \/>\n<script type=\"application\/ld+json\" class=\"yoast-schema-graph\">{\"@context\":\"https:\/\/schema.org\",\"@graph\":[{\"@type\":\"WebPage\",\"@id\":\"https:\/\/gozdeperdem.com\/?page_id=520\",\"url\":\"https:\/\/gozdeperdem.com\/?page_id=520\",\"name\":\"KOLTUK TAKIMLARI - G\u00f6zde Perde \u00c7eyiz G\u00f6zdeperdem G\u00f6zde Perde\",\"isPartOf\":{\"@id\":\"https:\/\/gozdeperdem.com\/#website\"},\"primaryImageOfPage\":{\"@id\":\"https:\/\/gozdeperdem.com\/?page_id=520#primaryimage\"},\"image\":{\"@id\":\"https:\/\/gozdeperdem.com\/?page_id=520#primaryimage\"},\"thumbnailUrl\":\"https:\/\/gozdeperdem.com\/wp-content\/uploads\/2024\/11\/OZGUR-2024.kck_page-0005-1-1024x478.jpg\",\"datePublished\":\"2024-11-24T10:44:48+00:00\",\"dateModified\":\"2024-11-24T11:09:50+00:00\",\"description\":\"\u015eIK VE ZAR\u0130FL\u0130\u011e\u0130YLE G\u00d6Z KAMA\u015eTIRAN MODELLER\u0130M\u0130Z YEN\u0130LENEREK S\u0130Z DE\u011eERLER\u0130 M\u00dc\u015eTER\u0130LER\u0130M\u0130Z\u0130N BE\u011eEN\u0130LER\u0130N\u0130 KAZANMI\u015e OLMANIN SEV\u0130NC\u0130NE ORTAK OLUYORUZ. G\u00d6ZE PERDE HOME KAL\u0130TES\u0130YLE EV\u0130N\u0130Z\u0130N G\u00d6ZDES\u0130 - 1990 YILINDAN BER\u0130 S\u0130ZLERE H\u0130ZMET VERMEKTEN GURULUYUZ...\",\"breadcrumb\":{\"@id\":\"https:\/\/gozdeperdem.com\/?page_id=520#breadcrumb\"},\"inLanguage\":\"tr\",\"potentialAction\":[{\"@type\":\"ReadAction\",\"target\":[\"https:\/\/gozdeperdem.com\/?page_id=520\"]}]},{\"@type\":\"ImageObject\",\"inLanguage\":\"tr\",\"@id\":\"https:\/\/gozdeperdem.com\/?page_id=520#primaryimage\",\"url\":\"\",\"contentUrl\":\"\"},{\"@type\":\"BreadcrumbList\",\"@id\":\"https:\/\/gozdeperdem.com\/?page_id=520#breadcrumb\",\"itemListElement\":[{\"@type\":\"ListItem\",\"position\":1,\"name\":\"Ana sayfa\",\"item\":\"https:\/\/gozdeperdem.com\/\"},{\"@type\":\"ListItem\",\"position\":2,\"name\":\"KOLTUK TAKIMLARI\"}]},{\"@type\":\"WebSite\",\"@id\":\"https:\/\/gozdeperdem.com\/#website\",\"url\":\"https:\/\/gozdeperdem.com\/\",\"name\":\"G\u00f6zde Perde \u00c7eyiz G\u00f6zdeperdem G\u00f6zde Perde\",\"description\":\"Hayallerinizi Ger\u00e7ekle\u015ftirmenin En \u0130yi Adresi\",\"publisher\":{\"@id\":\"https:\/\/gozdeperdem.com\/#\/schema\/person\/748530956d2fb788404ae059aed5aaeb\"},\"potentialAction\":[{\"@type\":\"SearchAction\",\"target\":{\"@type\":\"EntryPoint\",\"urlTemplate\":\"https:\/\/gozdeperdem.com\/?s={search_term_string}\"},\"query-input\":{\"@type\":\"PropertyValueSpecification\",\"valueRequired\":true,\"valueName\":\"search_term_string\"}}],\"inLanguage\":\"tr\"},{\"@type\":[\"Person\",\"Organization\"],\"@id\":\"https:\/\/gozdeperdem.com\/#\/schema\/person\/748530956d2fb788404ae059aed5aaeb\",\"name\":\"Admin\",\"image\":{\"@type\":\"ImageObject\",\"inLanguage\":\"tr\",\"@id\":\"https:\/\/gozdeperdem.com\/#\/schema\/person\/image\/\",\"url\":\"https:\/\/gozdeperdem.com\/wp-content\/uploads\/2020\/03\/cropped-logo8-2.jpg\",\"contentUrl\":\"https:\/\/gozdeperdem.com\/wp-content\/uploads\/2020\/03\/cropped-logo8-2.jpg\",\"width\":303,\"height\":141,\"caption\":\"Admin\"},\"logo\":{\"@id\":\"https:\/\/gozdeperdem.com\/#\/schema\/person\/image\/\"}}]}<\/script>\n<!-- \/ Yoast SEO plugin. -->","yoast_head_json":{"title":"KOLTUK TAKIMLARI - G\u00f6zde Perde \u00c7eyiz G\u00f6zdeperdem G\u00f6zde Perde","description":"\u015eIK VE ZAR\u0130FL\u0130\u011e\u0130YLE G\u00d6Z KAMA\u015eTIRAN MODELLER\u0130M\u0130Z YEN\u0130LENEREK S\u0130Z DE\u011eERLER\u0130 M\u00dc\u015eTER\u0130LER\u0130M\u0130Z\u0130N BE\u011eEN\u0130LER\u0130N\u0130 KAZANMI\u015e OLMANIN SEV\u0130NC\u0130NE ORTAK OLUYORUZ. G\u00d6ZE PERDE HOME KAL\u0130TES\u0130YLE EV\u0130N\u0130Z\u0130N G\u00d6ZDES\u0130 - 1990 YILINDAN BER\u0130 S\u0130ZLERE H\u0130ZMET VERMEKTEN GURULUYUZ...","robots":{"index":"index","follow":"follow","max-snippet":"max-snippet:-1","max-image-preview":"max-image-preview:large","max-video-preview":"max-video-preview:-1"},"canonical":"https:\/\/gozdeperdem.com\/?page_id=520","og_locale":"tr_TR","og_type":"article","og_title":"KOLTUK TAKIMLARI - G\u00f6zde Perde \u00c7eyiz G\u00f6zdeperdem G\u00f6zde Perde","og_description":"\u015eIK VE ZAR\u0130FL\u0130\u011e\u0130YLE G\u00d6Z KAMA\u015eTIRAN MODELLER\u0130M\u0130Z YEN\u0130LENEREK S\u0130Z DE\u011eERLER\u0130 M\u00dc\u015eTER\u0130LER\u0130M\u0130Z\u0130N BE\u011eEN\u0130LER\u0130N\u0130 KAZANMI\u015e OLMANIN SEV\u0130NC\u0130NE ORTAK OLUYORUZ. G\u00d6ZE PERDE HOME KAL\u0130TES\u0130YLE EV\u0130N\u0130Z\u0130N G\u00d6ZDES\u0130 - 1990 YILINDAN BER\u0130 S\u0130ZLERE H\u0130ZMET VERMEKTEN GURULUYUZ...","og_url":"https:\/\/gozdeperdem.com\/?page_id=520","og_site_name":"G\u00f6zde Perde \u00c7eyiz G\u00f6zdeperdem G\u00f6zde Perde","article_modified_time":"2024-11-24T11:09:50+00:00","twitter_card":"summary_large_image","twitter_misc":{"Tahmini okuma s\u00fcresi":"4 dakika"},"schema":{"@context":"https:\/\/schema.org","@graph":[{"@type":"WebPage","@id":"https:\/\/gozdeperdem.com\/?page_id=520","url":"https:\/\/gozdeperdem.com\/?page_id=520","name":"KOLTUK TAKIMLARI - G\u00f6zde Perde \u00c7eyiz G\u00f6zdeperdem G\u00f6zde Perde","isPartOf":{"@id":"https:\/\/gozdeperdem.com\/#website"},"primaryImageOfPage":{"@id":"https:\/\/gozdeperdem.com\/?page_id=520#primaryimage"},"image":{"@id":"https:\/\/gozdeperdem.com\/?page_id=520#primaryimage"},"thumbnailUrl":"https:\/\/gozdeperdem.com\/wp-content\/uploads\/2024\/11\/OZGUR-2024.kck_page-0005-1-1024x478.jpg","datePublished":"2024-11-24T10:44:48+00:00","dateModified":"2024-11-24T11:09:50+00:00","description":"\u015eIK VE ZAR\u0130FL\u0130\u011e\u0130YLE G\u00d6Z KAMA\u015eTIRAN MODELLER\u0130M\u0130Z YEN\u0130LENEREK S\u0130Z DE\u011eERLER\u0130 M\u00dc\u015eTER\u0130LER\u0130M\u0130Z\u0130N BE\u011eEN\u0130LER\u0130N\u0130 KAZANMI\u015e OLMANIN SEV\u0130NC\u0130NE ORTAK OLUYORUZ. G\u00d6ZE PERDE HOME KAL\u0130TES\u0130YLE EV\u0130N\u0130Z\u0130N G\u00d6ZDES\u0130 - 1990 YILINDAN BER\u0130 S\u0130ZLERE H\u0130ZMET VERMEKTEN GURULUYUZ...","breadcrumb":{"@id":"https:\/\/gozdeperdem.com\/?page_id=520#breadcrumb"},"inLanguage":"tr","potentialAction":[{"@type":"ReadAction","target":["https:\/\/gozdeperdem.com\/?page_id=520"]}]},{"@type":"ImageObject","inLanguage":"tr","@id":"https:\/\/gozdeperdem.com\/?page_id=520#primaryimage","url":"","contentUrl":""},{"@type":"BreadcrumbList","@id":"https:\/\/gozdeperdem.com\/?page_id=520#breadcrumb","itemListElement":[{"@type":"ListItem","position":1,"name":"Ana sayfa","item":"https:\/\/gozdeperdem.com\/"},{"@type":"ListItem","position":2,"name":"KOLTUK TAKIMLARI"}]},{"@type":"WebSite","@id":"https:\/\/gozdeperdem.com\/#website","url":"https:\/\/gozdeperdem.com\/","name":"G\u00f6zde Perde \u00c7eyiz G\u00f6zdeperdem G\u00f6zde Perde","description":"Hayallerinizi Ger\u00e7ekle\u015ftirmenin En \u0130yi Adresi","publisher":{"@id":"https:\/\/gozdeperdem.com\/#\/schema\/person\/748530956d2fb788404ae059aed5aaeb"},"potentialAction":[{"@type":"SearchAction","target":{"@type":"EntryPoint","urlTemplate":"https:\/\/gozdeperdem.com\/?s={search_term_string}"},"query-input":{"@type":"PropertyValueSpecification","valueRequired":true,"valueName":"search_term_string"}}],"inLanguage":"tr"},{"@type":["Person","Organization"],"@id":"https:\/\/gozdeperdem.com\/#\/schema\/person\/748530956d2fb788404ae059aed5aaeb","name":"Admin","image":{"@type":"ImageObject","inLanguage":"tr","@id":"https:\/\/gozdeperdem.com\/#\/schema\/person\/image\/","url":"https:\/\/gozdeperdem.com\/wp-content\/uploads\/2020\/03\/cropped-logo8-2.jpg","contentUrl":"https:\/\/gozdeperdem.com\/wp-content\/uploads\/2020\/03\/cropped-logo8-2.jpg","width":303,"height":141,"caption":"Admin"},"logo":{"@id":"https:\/\/gozdeperdem.com\/#\/schema\/person\/image\/"}}]}},"_links":{"self":[{"href":"https:\/\/gozdeperdem.com\/index.php?rest_route=\/wp\/v2\/pages\/520","targetHints":{"allow":["GET"]}}],"collection":[{"href":"https:\/\/gozdeperdem.com\/index.php?rest_route=\/wp\/v2\/pages"}],"about":[{"href":"https:\/\/gozdeperdem.com\/index.php?rest_route=\/wp\/v2\/types\/page"}],"author":[{"embeddable":true,"href":"https:\/\/gozdeperdem.com\/index.php?rest_route=\/wp\/v2\/users\/2"}],"replies":[{"embeddable":true,"href":"https:\/\/gozdeperdem.com\/index.php?rest_route=%2Fwp%2Fv2%2Fcomments&post=520"}],"version-history":[{"count":1,"href":"https:\/\/gozdeperdem.com\/index.php?rest_route=\/wp\/v2\/pages\/520\/revisions"}],"predecessor-version":[{"id":547,"href":"https:\/\/gozdeperdem.com\/index.php?rest_route=\/wp\/v2\/pages\/520\/revisions\/547"}],"wp:attachment":[{"href":"https:\/\/gozdeperdem.com\/index.php?rest_route=%2Fwp%2Fv2%2Fmedia&parent=520"}],"curies":[{"name":"wp","href":"https:\/\/api.w.org\/{rel}","templated":true}]}}